rue
Is 67221252 a multiple of 1108?
True
Is 66 a factor of 434475355?
False
Is 15 a factor of 21640620?
True
Does 43 divide 101243628?
False
Does 10 divide 72961804?
False
Is 109 a factor of 6890695781?
False
Is 8410464 a multiple of 374?
False
Does 9 divide 293393055?
False
Is 142 a factor of 42124217?
False
Is 381277 a multiple of 70?
False
Does 25 divide 7003240?
False
Is 831397088 a multiple of 202?
False
Is 75 a factor of 10991250?
True
Does 12 divide 15770165?
False
Is 480319268 a multiple of 16?
False
Is 2 a factor of 190809?
False
Is 5819 a factor of 833397180?
True
Does 72 divide 73958760?
True
Does 1049 divide 8978953?
False
Is 651339 a multiple of 13?
True
Is 889 a factor of 105005072?
False
Is 439 a factor of 806730545?
True
Does 1198 divide 6880970?
False
Is 161716224 a multiple of 1536?
True
Does 43 divide 188483276?
True
Is 18 a factor of 11021778?
True
Is 11 a factor of 825385110?
True
Is 134 a factor of 34172068?
False
Does 3073 divide 316519?
True
Is 142481867 a multiple of 5790?
False
Does 1942 divide 39583786?
True
Does 13 divide 24048866?
False
Is 239 a factor of 289840258?
False
Is 2442 a factor of 17996906?
False
Does 63 divide 43866459?
True
Is 40 a factor of 2072625960?
True
Does 685 divide 23207598?
False
Is 10 a factor of 1994793260?
True
Is 15894209 a multiple of 5?
False
Is 7 a factor of 3145922554?
False
Is 1419714131 a multiple of 319?
False
Does 37 divide 102675555?
True
Is 274870891 a multiple of 20?
False
Is 10 a factor of 35642420?
True
Is 909 a factor of 73219950?
True
Is 15977196 a multiple of 36?
True
Is 32583558 a multiple of 22?
False
Is 16 a factor of 304048512?
True
Does 669 divide 21134540?
False
Does 92 divide 770652698?
False
Is 1086411587 a multiple of 1421?
False
Does 521 divide 285166417?
False
Is 239 a factor of 86661639?
True
Is 32766160 a multiple of 112?
True
Does 113 divide 167862762?
False
Is 6 a factor of 24911832?
True
Is 1990605837 a multiple of 51?
True
Does 2202 divide 5842357008?
False
Does 2291 divide 1479012935?
False
Is 4662184458 a multiple of 242?
False
Does 550 divide 718094759?
False
Does 6 divide 6375222?
True
Does 1359 divide 593580025?
False
Is 3847292 a multiple of 214?
True
Is 199 a factor of 75773429?
True
Is 76501920 a multiple of 110?
True
Is 2964086 a multiple of 17?
True
Is 298719745 a multiple of 2231?
True
Does 37 divide 42773702?
True
Is 311570807 a multiple of 9?
False
Is 409587688 a multiple of 14?
False
Is 100 a factor of 1470860700?
True
Does 9 divide 1860704?
False
Is 518 a factor of 1087910334?
True
Is 224900650 a multiple of 325?
True
Is 339 a factor of 34763772?
True
Is 34245200 a multiple of 43?
True
Does 5 divide 12312100?
True
Is 669441904 a multiple of 1117?
False
Is 69224437 a multiple of 2100?
False
Is 47947666 a multiple of 43?
True
Is 5823151977 a multiple of 21?
False
Is 63 a factor of 509465777?
False
Is 885978621 a multiple of 33?
True
Is 53210770 a multiple of 529?
False
Is 20406274 a multiple of 82?
True
Is 5 a factor of 191024747?
False
Does 14 divide 42364206?
False
Does 199 divide 729448327?
False
Is 7 a factor of 147125387?
False
Is 231 a factor of 9785143?
False
Does 28 divide 999428192?
True
Does 27 divide 405075824?
False
Is 24645969 a multiple of 29?
True
Is 103261446 a multiple of 14?
False
Is 75 a factor of 14181375?
True
Does 15 divide 576807600?
True
Is 97 a factor of 257427330?
True
Is 514 a factor of 339271868?
True
Is 5303 a factor of 101494117?
True
Is 54 a factor of 363362145?
False
Is 18 a factor of 21392406?
True
Is 357877856 a multiple of 112?
True
Is 54200386 a multiple of 915?
False
Is 94833622 a multiple of 297?
False
Is 11 a factor of 47526459?
False
Is 118211116 a multiple of 164?
False
Does 413 divide 224809529?
True
Is 464989760 a multiple of 37?
False
Is 198497539 a multiple of 59?
False
Is 4 a factor of 66478982?
False
Is 134 a factor of 19425310?
True
Does 213 divide 56362356?
True
Is 240237524 a multiple of 21?
False
Is 142198742 a multiple of 574?
True
Is 7 a factor of 934360644?
True
Does 35 divide 77854910?
True
Is 1378 a factor of 684255508?
False
Is 303 a factor of 70727472?
True
Does 213 divide 139069050?
False
Is 23 a factor of 15875398?
False
Is 46 a factor of 73356663?
False
Is 67674422 a multiple of 496?
False
Is 9959 a factor of 382141499?
False
Does 12 divide 299084075?
False
Is 15622032 a multiple of 206?
False
Is 119290956 a multiple of 74?
False
Is 37 a factor of 1583732?
False
Is 275486932 a multiple of 531?
False
Is 1458788672 a multiple of 8090?
False
Does 381 divide 25283274?
False
Is 60 a factor of 3498000?
True
Is 81597280 a multiple of 272?
True
Is 106152989 a multiple of 3010?
False
Is 4412 a factor of 1467317532?
False
Does 22 divide 51435250?
False
Does 2027 divide 129805271?
False
Is 25 a factor of 513532608?
False
Is 66 a factor of 788870891?
False
Does 16 divide 3820582?
False
Is 2 a factor of 918609?
False
Is 119 a factor of 2536218671?
False
Is 30925109 a multiple of 13?
False
Does 82 divide 40707319?
False
Is 956 a factor of 4679516402?
False
Is 676766 a multiple of 62?
False
Does 2325 divide 5443035207?
False
Is 1898 a factor of 8313240?
True
Is 1140 a factor of 318834060?
True
Is 20847447 a multiple of 4?
False
Is 3275010 even?
True
Does 1553 divide 2942431116?
False
Is 314696184 a multiple of 1528?
True
Does 739 divide 47519130?
False
Is 61528560 a multiple of 8?
True
Is 31 a factor of 3740607839?
True
Does 27 divide 4850577?
True
Is 63 a factor of 40694031?
True
Is 1050 a factor of 141887270?
False
Is 286928618 a multiple of 34?
True
Is 120 a factor of 13990200?
True
Is 21848416 a multiple of 13?
False
Is 367 a factor of 65294071?
True
Is 3684331008 a multiple of 108?
True
Is 882 a factor of 64437156?
True
Is 1289926 a multiple of 5?
False
Is 92 a factor of 19974580?
True
Does 338 divide 311399738?
True
Is 923610454 a multiple of 7?
False
Is 502209090 a multiple of 3025?
False
Is 317 a factor of 52165257?
False
Does 19 divide 2353377221?
True
Is 36 a factor of 1165568724?
True
Is 59 a factor of 41875928?
False
Is 6344 a factor of 790966045?
False
Does 1942 divide 1553999970?
False
Is 1192007060 a multiple of 20?
True
Does 754 divide 8847365878?
True
Is 12562877 a multiple of 1512?
False
Does 1685 divide 8618775?
True
Is 13690026 a multiple of 63?
True
Does 97 divide 3967582?
False
Is 1506828766 a multiple of 1071?
False
Is 5 a factor of 124783307?
False
Is 1141468076 a multiple of 7?
True
Is 1450611 a multiple of 267?
True
Does 26 divide 105575314?
True
Is 5073923545 a multiple of 8?
False
Does 13 divide 12379467?
False
Is 1772 a factor of 640122053?
False
Is 9832 a factor of 1214272683?
False
Is 396 a factor of 11864021?
False
Is 1449 a factor of 140507157?
False
Is 25 a factor of 1080517268?
False
Is 3737690 a multiple of 242?
True
Is 3 a factor of 54964140?
True
Is 51 a factor of 60560108?
False
Is 4 a factor of 251744?
True
Is 58222728 a multiple of 1796?
True
Is 31 a factor of 13665548?
False
Is 618 a factor of 1694305092?
True
Is 175066258 a multiple of 1444?
False
Is 49873052 a multiple of 84?
False
Is 277890735 a multiple of 843?
True
Is 4 a factor of 29913976?
True
Does 10 divide 444983600?
True
Is 15 a factor of 54447582?
False
Is 3 a factor of 2958627?
True
Does 3 divide 5298285?
True
Is 790726643 a multiple of 130?
False
Is 12 a factor of 33520788?
True
Does 19 divide 3787725044?
False
Is 190 a factor of 38386129?
False
Is 14068 a factor of 1525899688?
True
Does 17 divide 31905203?
False
Is 15130526 a multiple of 45?
False
Is 450956268 a multiple of 2744?
False
Is 794114274 a multiple of 363?
False
Does 1293 divide 444865701?
True
Is 968989714 a multiple of 6?
False
Is 5078 a factor of 428761695?
False
Is 792 a factor of 954592894?
False
Is 272 a factor of 2169924064?
True
Is 19934783 a multiple of 168?
False
Is 5 a factor of 18730066?
False
Is 2739 a factor of 41662929?
True
Does 206 divide 10815618?
True
Does 2493 divide 143053326?
True
Is 2523 a factor of 3878664306?
False
Is 4515 a factor of 937909980?
True
Is 8 a factor of 9461097?
False
Does 391 divide 1827451125?
False
Does 36 divide 50663052?
True
Is 294 a factor of 21057897?
False
Is 10 a factor of 14550876?
False
Is 12 a factor of 72586308?
True
Is 19080928 a multiple of 8?
True
Is 1037705822 a multiple